{"id":1979,"date":"2021-04-22T09:40:23","date_gmt":"2021-04-22T07:40:23","guid":{"rendered":"https:\/\/creato.no\/referanse\/?page_id=1979"},"modified":"2021-08-20T09:47:19","modified_gmt":"2021-08-20T07:47:19","slug":"parsellhagehuset","status":"publish","type":"page","link":"https:\/\/creato.no\/referanse\/skjoldnes\/parsellhagehuset\/","title":{"rendered":"Parsellhagehuset"},"content":{"rendered":"<div class=\"wpb-content-wrapper\"><p>[vc_row heading_color=&raquo;light&raquo; bg_type=&raquo;color&raquo; padding_bottom_multiplier=&raquo;3x&raquo; bg_color=&raquo;#9c7f75&#8243; font_color=&raquo;#ffffff&raquo;][vc_column]<div class=\"grve-empty-space\" style=\"height: 150px;\"><\/div><h1 class=\"grve-element grve-title grve-align-center grve-h1 grve-increase-heading grve-heading-140\" style=\"\"><span>I salg n\u00e5!<span class=\"grve-title-line grve-bg-primary-5\" style=\"width: 50px;height: 2px;\"><\/span><\/span><\/h1><div class=\"grve-empty-space\" style=\"height: 50px;\"><\/div>[vc_column_text text_style=&raquo;leader-text&raquo; animation=&raquo;grve-fade-in&raquo;]<\/p>\n<p style=\"text-align: center;\">Skjoldneshagen sitt andre trinn vil best\u00e5 av 16 sjarmerende og arealeffektive selveierleiligheter, med ulike planl\u00f8sninger, god takh\u00f8yde og h\u00f8y standard.<\/p>\n<p style=\"text-align: center;\">\u00a02- og 3-roms leiligheter p\u00e5 35 &#8211; 78 m2. Eikeparkett i alle oppholdsrom. Ventilasjon med varme-gjenvinning og vannbasert oppvarming via fjernvarme. Kj\u00f8kken fra kvalitetsleverand\u00f8ren Norema, med integrerte hvitevarer fra Siemens. Flislagte baderom. H\u00f8yhastighetsfiber med TV, data og telefoni. Alle boenhetene har balkong eller skjermet uteplass. Gode muligheter for tilvalg og personlige innredningsl\u00f8sninger.<\/p>\n<p>[\/vc_column_text]<div class=\"grve-empty-space\" style=\"height: 150px;\"><\/div>[\/vc_column][\/vc_row][vc_row section_type=&raquo;fullwidth&raquo; padding_top_multiplier=&raquo;3x&raquo; padding_bottom_multiplier=&raquo;2x&raquo; columns_gap=&raquo;none&raquo; equal_column_height=&raquo;equal-column&raquo; mobile_visibility=&raquo;hide&raquo; margin_bottom=&raquo;0&#8243; section_id=&raquo;boligvelger&raquo;][vc_column heading_color=&raquo;primary-4&#8243; css=&raquo;.vc_custom_1619436433505{background-position: center !important;background-repeat: no-repeat !important;background-size: contain !important;}&raquo;]<h2 class=\"grve-element grve-title grve-align-center grve-animated-item grve-duration-normal grve-fade-in-left grve-h2 grve-increase-heading grve-heading-120\" style=\"margin-bottom: 30px;\" data-delay=\"200\"><span>Boligvelger Parsellhagehuset<span class=\"grve-title-line grve-bg-white\" style=\"width: 50px;height: 2px;\"><\/span><\/span><\/h2><div class=\"grve-empty-space grve-height-1x\" style=\"\"><\/div>[vc_raw_html]JTNDaWZyYW1lJTIwc3JjJTNEJTIyaHR0cHMlM0ElMkYlMkZ3aW4wMS5tYWVzdHJvbWVkaWEubm8lMkYxNzFfc2tqb2xkbmVzaGFnZSUyRmhvdXNlc2xpbmUuYXNweCUzRmZpZWxkSUQlM0Q5NCUyMiUyMGZyYW1lYm9yZGVyJTNEJTIyMCUyMiUyMGhlaWdodCUzRCUyMjE1MDAlMjIlMjB3aWR0aCUzRCUyMjEwMCUyNSUyMiUzRSUzQyUyRmlmcmFtZSUzRQ==[\/vc_raw_html][\/vc_column][\/vc_row][vc_row section_type=&raquo;fullwidth&raquo; padding_top_multiplier=&raquo;3x&raquo; padding_bottom_multiplier=&raquo;2x&raquo; columns_gap=&raquo;none&raquo; equal_column_height=&raquo;equal-column&raquo; desktop_visibility=&raquo;hide&raquo; tablet_visibility=&raquo;hide&raquo; tablet_sm_visibility=&raquo;hide&raquo; margin_bottom=&raquo;0&#8243; section_id=&raquo;boligvelger&raquo;][vc_column heading_color=&raquo;primary-4&#8243; css=&raquo;.vc_custom_1619436433505{background-position: center !important;background-repeat: no-repeat !important;background-size: contain !important;}&raquo;]<h2 class=\"grve-element grve-title grve-align-center grve-animated-item grve-duration-normal grve-fade-in-left grve-h2 grve-increase-heading grve-heading-120\" style=\"margin-bottom: 30px;\" data-delay=\"200\"><span>Boligvelger Parsellhagehuset<span class=\"grve-title-line grve-bg-white\" style=\"width: 50px;height: 2px;\"><\/span><\/span><\/h2><div class=\"grve-empty-space grve-height-1x\" style=\"\"><\/div>[vc_raw_html]JTNDaWZyYW1lJTIwc3JjJTNEJTIyaHR0cHMlM0ElMkYlMkZ3aW4wMS5tYWVzdHJvbWVkaWEubm8lMkYxNzFfc2tqb2xkbmVzaGFnZSUyRmhvdXNlc2xpbmUuYXNweCUzRmZpZWxkSUQlM0Q5NCUyMiUyMGZyYW1lYm9yZGVyJTNEJTIyMCUyMiUyMGhlaWdodCUzRCUyMjEwMDAlMjIlMjB3aWR0aCUzRCUyMjEwMCUyNSUyMiUzRSUzQyUyRmlmcmFtZSUzRQ==[\/vc_raw_html][\/vc_column][\/vc_row][vc_row heading_color=&raquo;light&raquo; bg_type=&raquo;color&raquo; padding_top_multiplier=&raquo;3x&raquo; padding_bottom_multiplier=&raquo;3x&raquo; section_id=&raquo;mulighet&raquo; bg_color=&raquo;#9c7f75&#8243; font_color=&raquo;#ffffff&raquo;][vc_column]<h2 class=\"grve-element grve-title grve-align-center grve-animated-item grve-duration-normal grve-fade-in-left grve-h2 grve-increase-heading grve-heading-120\" style=\"margin-bottom: 30px;\" data-delay=\"200\"><span>Andre salgstrinn<span class=\"grve-title-line grve-bg-white\" style=\"width: 50px;height: 2px;\"><\/span><\/span><\/h2><div class=\"grve-empty-space grve-height-3x\" style=\"\"><\/div>[vc_row_inner el_id=&raquo;omradet&raquo; css=&raquo;.vc_custom_1613650472524{padding-bottom: 30px !important;}&raquo;][vc_column_inner width=&raquo;1\/2&#8243;]<div class=\"grve-element grve-box-icon grve-medium grve-top-icon grve-align-center grve-animated-item grve-fade-in-left grve-duration-normal\" style=\"margin-bottom: 60px;\" data-delay=\"200\"><div class=\"grve-image-icon\"><img loading=\"lazy\" decoding=\"async\" width=\"1\" height=\"1\" src=\"https:\/\/creato.no\/referanse\/skjoldnes\/wp-content\/uploads\/2021\/03\/Ant_rom_hvit.svg\" class=\"attachment-full size-full\" alt=\"\" \/><\/div><div class=\"grve-box-content\"><div class=\"grve-box-title-wrapper\"><h3 class=\"grve-box-title grve-h2\">Antall rom<\/h3><\/div>  <p class=\"grve-leader-text\">2-, og 3-roms<\/p><\/div><\/div><div class=\"grve-element grve-box-icon grve-medium grve-top-icon grve-align-center grve-animated-item grve-fade-in-left grve-duration-normal\" style=\"margin-bottom: 60px;\" data-delay=\"200\"><div class=\"grve-image-icon\"><img loading=\"lazy\" decoding=\"async\" width=\"1\" height=\"1\" src=\"https:\/\/creato.no\/referanse\/skjoldnes\/wp-content\/uploads\/2021\/03\/ostvendt_hvit.svg\" class=\"attachment-full size-full\" alt=\"\" \/><\/div><div class=\"grve-box-content\"><div class=\"grve-box-title-wrapper\"><h3 class=\"grve-box-title grve-h2\">Hvor?<\/h3><\/div>  <p class=\"grve-leader-text\">Parsellhuset ligger i front, over innkj\u00f8rsel til underliggende parkeringsanlegg.<\/p><\/div><\/div>[\/vc_column_inner][vc_column_inner width=&raquo;1\/2&#8243;]<div class=\"grve-element grve-box-icon grve-medium grve-top-icon grve-align-center grve-animated-item grve-fade-in-left grve-duration-normal\" style=\"margin-bottom: 60px;\" data-delay=\"200\"><div class=\"grve-image-icon\"><img loading=\"lazy\" decoding=\"async\" width=\"1\" height=\"1\" src=\"https:\/\/creato.no\/referanse\/skjoldnes\/wp-content\/uploads\/2021\/03\/kr_hvit.svg\" class=\"attachment-full size-full\" alt=\"\" \/><\/div><div class=\"grve-box-content\"><div class=\"grve-box-title-wrapper\"><h3 class=\"grve-box-title grve-h2\">Priser<\/h3><\/div>  <p class=\"grve-leader-text\">Pris fra kr.2.390.000,-<\/p><\/div><\/div><div class=\"grve-element grve-box-icon grve-medium grve-top-icon grve-align-center grve-animated-item grve-fade-in-left grve-duration-normal\" style=\"margin-bottom: 40px;\" data-delay=\"200\"><div class=\"grve-image-icon\"><img loading=\"lazy\" decoding=\"async\" width=\"221\" height=\"281\" src=\"https:\/\/creato.no\/referanse\/skjoldnes\/wp-content\/uploads\/2021\/02\/Parkering_hvit.png\" class=\"attachment-full size-full\" alt=\"\" \/><\/div><div class=\"grve-box-content\"><div class=\"grve-box-title-wrapper\"><h3 class=\"grve-box-title grve-h2\">Parkering<\/h3><\/div>  <p class=\"grve-leader-text\">Ikke inkludert. Pris kr.300.000,- pr. plass.<\/p><\/div><\/div>[\/vc_column_inner][\/vc_row_inner][\/vc_column][\/vc_row][vc_row bg_type=&raquo;color&raquo; padding_top_multiplier=&raquo;3x&raquo; padding_bottom_multiplier=&raquo;4x&raquo; bg_color=&raquo;#f7f7f7&#8243; margin_bottom=&raquo;0&#8243; font_color=&raquo;#9c7f75&#8243;][vc_column font_color=&raquo;#c9aa9d&raquo;]<blockquote class=\"grve-element grve-animated-item grve-fade-in grve-duration-normal grve-align-center grve-with-icon\" style=\"\" data-delay=\"200\">  <div class=\"grve-quote-icon\">  <i class=\"fas fa-quote-right grve-text-primary-4 grve-medium\"><\/i>  <\/div><p>Nyt hverdagen med sosiale trivselstilbud, matopplevelser,<br \/>\nflott natur og vakre solnedganger.<\/p><\/blockquote>[\/vc_column][\/vc_row][vc_row disable_element=&raquo;yes&raquo; section_type=&raquo;fullwidth&raquo; bg_type=&raquo;image&raquo; bg_image=&raquo;1802&#8243; bg_image_type=&raquo;parallax&raquo; bg_image_size=&raquo;extra-extra-large&raquo; parallax_threshold=&raquo;0.8&#8243; color_overlay=&raquo;gradient&raquo; gradient_overlay_custom_1=&raquo;rgba(0,0,0,0.88)&raquo; gradient_overlay_custom_2=&raquo;rgba(0,0,0,0.12)&raquo; padding_top_multiplier=&raquo;2x&raquo; padding_bottom_multiplier=&raquo;2x&raquo; columns_gap=&raquo;none&raquo; equal_column_height=&raquo;equal-column&raquo; margin_bottom=&raquo;0&#8243; section_id=&raquo;kvalitetene&raquo;][vc_column column_effect=&raquo;vertical-parallax&raquo; column_effect_limit=&raquo;2x&raquo; width=&raquo;5\/6&#8243; heading_color=&raquo;light&raquo; el_wrapper_class=&raquo;tekstboks&raquo; font_color=&raquo;#ffffff&raquo;]<h2 class=\"grve-element grve-title grve-align-left grve-h2 grve-increase-heading grve-heading-120\" style=\"margin-bottom: 30px;\"><span>Fordeler med \u00e5 kj\u00f8pe nytt?<span class=\"grve-title-line grve-bg-white\" style=\"width: 50px;height: 2px;\"><\/span><\/span><\/h2><div class=\"grve-empty-space grve-height-1x\" style=\"\"><\/div>[vc_row_inner][vc_column_inner width=&raquo;1\/2&#8243;]<div class=\"grve-element grve-box-icon grve-small grve-side-icon grve-align-left grve-animated-item grve-fade-in-left grve-duration-normal\" style=\"margin-bottom: 30px;\" data-delay=\"200\"><div class=\"grve-wrapper-icon grve-no-shape\" style=\"\"><i class=\"grve-text-white fas fa-check\"><\/i><\/div><div class=\"grve-box-content\"><div class=\"grve-box-title-wrapper\"><h3 class=\"grve-box-title grve-h4\">Fast pris, ingen stressende budrunder<\/h3><\/div>  <p class=\"\">Fast pris, ingen stressende budrunder.<br \/>\nNye boliger selges ofte til fastpris. Det vil si at du slipper stressende budrunder, du vet hva boligen koster og hva du m\u00e5 forholde deg til<\/p><\/div><\/div><div class=\"grve-element grve-box-icon grve-small grve-side-icon grve-align-left grve-animated-item grve-fade-in-left grve-duration-normal\" style=\"margin-bottom: 30px;\" data-delay=\"400\"><div class=\"grve-wrapper-icon grve-no-shape\" style=\"\"><i class=\"grve-text-white fas fa-check\"><\/i><\/div><div class=\"grve-box-content\"><div class=\"grve-box-title-wrapper\"><h3 class=\"grve-box-title grve-h4\">Ingen oppussing eller overaskelser<\/h3><\/div>  <p class=\"\">N\u00e5r du flytter inn i en helt ny bolig, s\u00e5 slipper du \u00e5 tenke p\u00e5 oppussing p\u00e5 mandag \u00e5r. Du trenger heller ikke \u00e5 bekymre deg for ubehagelige overraskelser som kan f\u00f8lge med der noen har bodd f\u00f8r deg, som skjulte fuktskader eller gamle elektriske anlegg.<\/p><\/div><\/div><div class=\"grve-element grve-box-icon grve-small grve-side-icon grve-align-left grve-animated-item grve-fade-in-left grve-duration-normal\" style=\"margin-bottom: 30px;\" data-delay=\"600\"><div class=\"grve-wrapper-icon grve-no-shape\" style=\"\"><i class=\"grve-text-white fas fa-check\"><\/i><\/div><div class=\"grve-box-content\"><div class=\"grve-box-title-wrapper\"><h3 class=\"grve-box-title grve-h4\">Tilpass boligen etter din smak<\/h3><\/div>  <p class=\"\">Kj\u00f8per du bolig tidlig i byggeprosessen, f\u00e5r du st\u00f8rre muligheter til \u00e5 sette ditt personlige preg p\u00e5 boligen ved \u00e5 gj\u00f8re egne innredningsvalg i tilvalgsperioden.<\/p><\/div><\/div>[\/vc_column_inner][vc_column_inner width=&raquo;1\/2&#8243;]<div class=\"grve-element grve-box-icon grve-small grve-side-icon grve-align-left grve-animated-item grve-fade-in-left grve-duration-normal\" style=\"margin-bottom: 30px;\" data-delay=\"800\"><div class=\"grve-wrapper-icon grve-no-shape\" style=\"\"><i class=\"grve-text-white fas fa-check\"><\/i><\/div><div class=\"grve-box-content\"><div class=\"grve-box-title-wrapper\"><h3 class=\"grve-box-title grve-h4\">H\u00f8y teknisk standard<\/h3><\/div>  <p class=\"\">Nye boliger bygges etter gjeldene forskrifter og standarder med stadig h\u00f8yere krav til materialer, byggemetoder og milj\u00f8. Dette gir et bedre inneklima, isolasjon og generelt h\u00f8yere kvalitet.<\/p><\/div><\/div><div class=\"grve-element grve-box-icon grve-small grve-side-icon grve-align-left grve-animated-item grve-fade-in-left grve-duration-normal\" style=\"margin-bottom: 30px;\" data-delay=\"1000\"><div class=\"grve-wrapper-icon grve-no-shape\" style=\"\"><i class=\"grve-text-white fas fa-check\"><\/i><\/div><div class=\"grve-box-content\"><div class=\"grve-box-title-wrapper\"><h3 class=\"grve-box-title grve-h4\">Lave kj\u00f8psomkostninger<\/h3><\/div>  <p class=\"\">Du slipper tinglysningsavgiften n\u00e5r du kj\u00f8per helt nytt, og betaler kun 2,5 prosent av tomteverdien i dokumentavgift, ikke av hele kj\u00f8pesummen \u2013 som du gj\u00f8r n\u00e5r du kj\u00f8per brukt selveierbolig.<\/p><\/div><\/div><div class=\"grve-element grve-box-icon grve-small grve-side-icon grve-align-left grve-animated-item grve-fade-in-left grve-duration-normal\" style=\"margin-bottom: 30px;\" data-delay=\"1200\"><div class=\"grve-wrapper-icon grve-no-shape\" style=\"\"><i class=\"grve-text-white fas fa-check\"><\/i><\/div><div class=\"grve-box-content\"><div class=\"grve-box-title-wrapper\"><h3 class=\"grve-box-title grve-h4\">Lave faste kostnader<\/h3><\/div>  <p class=\"\">Gode energil\u00f8sninger er bra for b\u00e5de milj\u00f8et og lommeboken. Det gj\u00f8r at du ikke beh\u00f8ver \u00e5 bekymre deg for kalde vintre og h\u00f8ye str\u00f8mpriser. Nye boliger har ogs\u00e5 mye st\u00f8rre forutsigbarhet i felles driftskostnader og utgifter til vedlikehold \u2013 alt er jo nytt!<\/p><\/div><\/div>[\/vc_column_inner][\/vc_row_inner]<div class=\"grve-empty-space grve-height-1x\" style=\"\"><\/div>[\/vc_column][vc_column width=&raquo;1\/6&#8243; mobile_width=&raquo;hide&raquo;][\/vc_column][\/vc_row][vc_row section_type=&raquo;fullwidth&raquo; bg_type=&raquo;color&raquo; padding_top_multiplier=&raquo;&raquo; padding_bottom_multiplier=&raquo;&raquo; columns_gap=&raquo;none&raquo; equal_column_height=&raquo;equal-column&raquo; margin_bottom=&raquo;0&#8243; section_id=&raquo;kvalitetene&raquo; bg_color=&raquo;#9c7f75&#8243;][vc_column column_effect=&raquo;vertical-parallax&raquo; column_effect_limit=&raquo;2x&raquo; width=&raquo;1\/2&#8243; heading_color=&raquo;light&raquo; el_wrapper_class=&raquo;tekstboks&raquo; font_color=&raquo;#ffffff&raquo;]<h2 class=\"grve-element grve-title grve-align-left grve-h2 grve-increase-heading grve-heading-120\" style=\"margin-bottom: 30px;\"><span><br>\n<h1>Parsellhuset<\/h1>\n<span class=\"grve-title-line grve-bg-white\" style=\"width: 50px;height: 2px;\"><\/span><\/span><\/h2>[vc_column_text]<\/p>\n<h4>Selveierleiligheter fra ca 35 kvm til ca 78 kvm. Alle leilighetene har tilgang p\u00e5 egen balkong. Kvalitetskj\u00f8kken fra Norema med moderne uttrykk. Integrerte hvitvarer fra Siemens. Flere front- og benkeplatefarger \u00e5 velge i. Gulvvarme i alle oppholdsrom.<\/h4>\n<p>[\/vc_column_text]<div class=\"grve-empty-space\" style=\"height: 150px;\"><\/div>[\/vc_column][vc_column width=&raquo;1\/2&#8243; css=&raquo;.vc_custom_1621944385042{background-image: url(https:\/\/creato.no\/referanse\/cms\/wp-content\/uploads\/2021\/04\/Skjoldnes_eksterior04v2_181031_final-scaled.jpg?id=2001) !important;background-position: center !important;background-repeat: no-repeat !important;background-size: cover !important;}&raquo;][\/vc_column][\/vc_row][vc_row rtl_reverse=&raquo;yes&raquo; section_type=&raquo;fullwidth&raquo; bg_type=&raquo;color&raquo; padding_top_multiplier=&raquo;&raquo; padding_bottom_multiplier=&raquo;&raquo; columns_gap=&raquo;none&raquo; equal_column_height=&raquo;middle-content&raquo; margin_bottom=&raquo;0&#8243; section_id=&raquo;kvalitetene&raquo; bg_color=&raquo;#9c7f75&#8243;][vc_column width=&raquo;1\/2&#8243; el_class=&raquo;tekstboks&raquo; css=&raquo;.vc_custom_1621944556422{padding-top: 10% !important;padding-right: 20% !important;padding-bottom: 10% !important;padding-left: 20% !important;background-image: url(https:\/\/creato.no\/referanse\/cms\/wp-content\/uploads\/2021\/05\/Skjoldneshagen_interior05_HusA_190415final-scaled.jpg?id=2101) !important;background-position: center !important;background-repeat: no-repeat !important;background-size: cover !important;}&raquo; font_color=&raquo;#ffffff&raquo; el_wrapper_class=&raquo;quote_bg&raquo;][\/vc_column][vc_column width=&raquo;1\/2&#8243; heading_color=&raquo;light&raquo; css=&raquo;.vc_custom_1619428112165{background-position: center !important;background-repeat: no-repeat !important;background-size: cover !important;}&raquo; el_wrapper_class=&raquo;tekstboks&raquo; font_color=&raquo;#ffffff&raquo;]<h2 class=\"grve-element grve-title grve-align-left grve-h2 grve-increase-heading grve-heading-120\" style=\"margin-bottom: 30px;\"><span><br>\n<h1>Noe for alle \u2013 noe for <em>deg<\/em>!<\/h1>\n<span class=\"grve-title-line grve-bg-white\" style=\"width: 50px;height: 2px;\"><\/span><\/span><\/h2>[vc_column_text]<\/p>\n<h4>Nyt hverdagen i moderne, vedlikeholdsfrie leiligheter. Med 28 boligenheter i trinn 1 og 16 stk i trinn 2, er det rom for et bredt og godt mangfold i bofellesskapet. Enten du er f\u00f8rstegangskj\u00f8per, eller \u00f8nsker \u00e5 bytte ut eneboligen til en vedlikeholdsfri hverdag i leilighet, vil det her, uansett behov, v\u00e6re noe for alle aldre og livssituasjoner.<\/h4>\n<p>[\/vc_column_text]<div class=\"grve-empty-space\" style=\"height: 150px;\"><\/div>[\/vc_column][\/vc_row][vc_row section_type=&raquo;fullwidth&raquo; bg_type=&raquo;color&raquo; padding_top_multiplier=&raquo;&raquo; padding_bottom_multiplier=&raquo;&raquo; columns_gap=&raquo;none&raquo; equal_column_height=&raquo;equal-column&raquo; margin_bottom=&raquo;0&#8243; section_id=&raquo;kvalitetene&raquo; bg_color=&raquo;#9c7f75&#8243;][vc_column column_effect=&raquo;vertical-parallax&raquo; column_effect_limit=&raquo;2x&raquo; width=&raquo;1\/2&#8243; heading_color=&raquo;light&raquo; el_wrapper_class=&raquo;tekstboks&raquo; font_color=&raquo;#ffffff&raquo;]<h2 class=\"grve-element grve-title grve-align-left grve-h2 grve-increase-heading grve-heading-120\" style=\"margin-bottom: 30px;\"><span><br>\n<h1>Fra enebolig til leilighet?<\/h1>\n<span class=\"grve-title-line grve-bg-white\" style=\"width: 50px;height: 2px;\"><\/span><\/span><\/h2>[vc_column_text]<\/p>\n<h4>Flytter du fra enebolig til leilighet? I v\u00e5re frodige gr\u00f8ntomr\u00e5der kan du beholde gleden av en velpleid hage, uten \u00e5 m\u00e5tte tenke p\u00e5 vedlikeholdet! Skjoldneshagen sine luftige utearealer gir rom for avslapning, s\u00e5 vel som nye bekjentskap og fine samtaler med naboer.<\/h4>\n<h4>Gangforbindelsene i uteomr\u00e5det tar deg raskt fra s\u00f8r i boligomr\u00e5det til nord, hvor det her etableres en park med offentlig tilgjengelig lekeplass. Med piknikkurven fylt opp, kan voksne nyte en ettermiddag i solrike omgivelser, mens barna klatrer h\u00f8yt og lavt.<\/h4>\n<p>[\/vc_column_text]<div class=\"grve-empty-space\" style=\"height: 150px;\"><\/div>[\/vc_column][vc_column width=&raquo;1\/2&#8243; mobile_width=&raquo;hide&raquo; css=&raquo;.vc_custom_1621944702561{background-image: url(https:\/\/creato.no\/referanse\/cms\/wp-content\/uploads\/2021\/05\/AdobeStock_237945197-scaled.jpeg?id=2103) !important;background-position: center !important;background-repeat: no-repeat !important;background-size: cover !important;}&raquo;][\/vc_column][\/vc_row][vc_row disable_element=&raquo;yes&raquo; bg_type=&raquo;image&raquo; bg_image=&raquo;585&#8243; bg_image_type=&raquo;fixed&raquo; bg_image_size=&raquo;extra-extra-large&raquo; color_overlay=&raquo;primary-1&#8243; opacity_overlay=&raquo;20&#8243; columns_gap=&raquo;none&raquo; equal_column_height=&raquo;equal-column&raquo;][vc_column column_effect=&raquo;vertical-parallax&raquo; column_effect_limit=&raquo;3x&raquo; css=&raquo;.vc_custom_1613991332469{padding-top: 20% !important;padding-bottom: 20% !important;}&raquo;]<div class=\"grve-empty-space\" style=\"height: 150px;\"><\/div>[\/vc_column][\/vc_row]<\/p>\n<\/div>","protected":false},"excerpt":{"rendered":"<p>[vc_row heading_color=&raquo;light&raquo; bg_type=&raquo;color&raquo; padding_bottom_multiplier=&raquo;3x&raquo; bg_color=&raquo;#9c7f75&#8243; font_color=&raquo;#ffffff&raquo;][vc_column][vc_column_text text_style=&raquo;leader-text&raquo; animation=&raquo;grve-fade-in&raquo;] Skjoldneshagen sitt andre trinn vil best\u00e5 av 16 sjarmerende og arealeffektive selveierleiligheter, med ulike planl\u00f8sninger, god takh\u00f8yde og h\u00f8y standard. \u00a02- og 3-roms leiligheter p\u00e5 35 &#8211; 78 m2. Eikeparkett i alle oppholdsrom. Ventilasjon med varme-gjenvinning og vannbasert oppvarming via fjernvarme. Kj\u00f8kken fra kvalitetsleverand\u00f8ren Norema, med integrerte [&hellip;]<\/p>\n","protected":false},"author":1,"featured_media":0,"parent":0,"menu_order":0,"comment_status":"closed","ping_status":"closed","template":"","meta":{"inline_featured_image":false,"footnotes":""},"class_list":["post-1979","page","type-page","status-publish","hentry"],"_links":{"self":[{"href":"https:\/\/creato.no\/referanse\/skjoldnes\/wp-json\/wp\/v2\/pages\/1979"}],"collection":[{"href":"https:\/\/creato.no\/referanse\/skjoldnes\/wp-json\/wp\/v2\/pages"}],"about":[{"href":"https:\/\/creato.no\/referanse\/skjoldnes\/wp-json\/wp\/v2\/types\/page"}],"author":[{"embeddable":true,"href":"https:\/\/creato.no\/referanse\/skjoldnes\/wp-json\/wp\/v2\/users\/1"}],"replies":[{"embeddable":true,"href":"https:\/\/creato.no\/referanse\/skjoldnes\/wp-json\/wp\/v2\/comments?post=1979"}],"version-history":[{"count":1,"href":"https:\/\/creato.no\/referanse\/skjoldnes\/wp-json\/wp\/v2\/pages\/1979\/revisions"}],"predecessor-version":[{"id":2740,"href":"https:\/\/creato.no\/referanse\/skjoldnes\/wp-json\/wp\/v2\/pages\/1979\/revisions\/2740"}],"wp:attachment":[{"href":"https:\/\/creato.no\/referanse\/skjoldnes\/wp-json\/wp\/v2\/media?parent=1979"}],"curies":[{"name":"wp","href":"https:\/\/api.w.org\/{rel}","templated":true}]}}